{"id":5471,"date":"2021-05-11T14:25:24","date_gmt":"2021-05-11T14:25:24","guid":{"rendered":"https:\/\/swost.eu\/?page_id=5471"},"modified":"2022-12-23T11:07:03","modified_gmt":"2022-12-23T11:07:03","slug":"hanke","status":"publish","type":"page","link":"https:\/\/swost.eu\/?page_id=5471","title":{"rendered":"Hanke"},"content":{"rendered":"<div class=\"wpb-content-wrapper\"><p>[vc_row][vc_column width=&#8221;2\/3&#8243;][vc_column_text]<\/p>\n<h2><b>Tausta<\/b><\/h2>\n<p>Sosiaalinen osallisuus ja sukupuolten v\u00e4linen tasa-arvo urheiluj\u00e4rjest\u00f6jen keskuudessa on t\u00e4m\u00e4n hankkeen t\u00e4rkein yhdysside, joka liittyy urheiluj\u00e4rjest\u00f6jen ja -seurojen sukupuolten v\u00e4lisiin eroihin eri puolilla Eurooppaa. Sukupuolistereotypiat ja ennakkoluulot ovat yksi t\u00e4rkeimmist\u00e4 esteist\u00e4 sosiaaliselle osallisuudelle ja sukupuolten eriarvoisuudelle urheilussa!<\/p>\n<p>&nbsp;<\/p>\n<h2><b>Teht\u00e4v\u00e4<\/b><\/h2>\n<p><span style=\"font-weight: 400\">SWOSTin tavoitteena on est\u00e4\u00e4 sukupuoleen perustuva syrjint\u00e4 urheiluj\u00e4rjest\u00f6iss\u00e4 ja -seuroissa.  <\/span><\/p>\n<p><span style=\"font-weight: 400\">Hankkeessa keskityt\u00e4\u00e4n erityisesti monialaiseen yhteisty\u00f6h\u00f6n, jonka avulla voidaan lis\u00e4t\u00e4 synergiaa kaikilla urheiluj\u00e4rjest\u00f6j\u00e4 koskevilla toiminta-aloilla ja keskitty\u00e4 erityisesti oikeuksien saatavuuteen, autonomiaan ja osallistumiseen, v\u00e4ltt\u00e4\u00e4 sukupuolten v\u00e4list\u00e4 erottelua ja edist\u00e4\u00e4 yhteisi\u00e4 arvoja, jotka perustuvat sukupuolten keskin\u00e4iseen kunnioitukseen ja ennakkoluulottomuuteen.<\/span><\/p>\n<p>&nbsp;<\/p>\n<h2><b>Tavoitteet<\/b><\/h2>\n<p><span style=\"font-weight: 400\">Hankkeen yleistavoitteena on vahvistaa stereotypioiden ja sukupuoleen perustuvan v\u00e4kivallan ennaltaehk\u00e4isy\u00e4 ja tukea niiden torjuntaa seuraavien tahojen keskuudessa <\/span><b>urheiluj\u00e4rjest\u00f6t<\/b><span style=\"font-weight: 400\"> Euroopassa pilotoimalla digitaalisia innovatiivisia resursseja ja ottamalla mukaan heikommassa asemassa olevat nuoret.<\/span><\/p>\n<p><span style=\"font-weight: 400\">Hankkeen erityistavoitteet ovat:<\/span><\/p>\n<ul>\n<li>\n<p class=\"has-text-align-justify\">Edistet\u00e4\u00e4n ja lis\u00e4t\u00e4\u00e4n miesten ja naisten osallistumista urheilulajeihin, jotka tyypillisesti luokitellaan &#8220;sukupuoleen perustuviksi urheilulajeiksi&#8221;, ja keskityt\u00e4\u00e4n erityisesti nuoriin;<\/p>\n<p class=\"has-text-align-justify\">\u25cf Nuorten taitojen vahvistaminen lis\u00e4\u00e4m\u00e4ll\u00e4 tietoisuutta ja tietoisuutta heid\u00e4n urheiluvalinnoissaan, sukupuolistereotyyppisten k\u00e4sitysten poistaminen, jotka voivat vaikuttaa nuorten ja heid\u00e4n perheidens\u00e4 urheilulajin valintaan;<\/p>\n<p class=\"has-text-align-justify\">\u25cf Korostetaan onnistuneita tapauksia, jaetaan kokemuksia ja tehokkaita parhaita k\u00e4yt\u00e4nt\u00f6j\u00e4 urheiluj\u00e4rjest\u00f6jen sukupuolten tasa-arvon valtavirtaistamisen alalla;<\/p>\n<p class=\"has-text-align-justify\">\u25cf Luodaan <strong>itsearvioinnin online-ty\u00f6kalu<\/strong>, joka voi ohjata urheiluseuroja. Verkkoty\u00f6kalu ohjaa k\u00e4ytt\u00e4ji\u00e4 &#8211; r\u00e4\u00e4t\u00e4l\u00f6idyll\u00e4 tavalla &#8211; olemassa oleviin v\u00e4lineisiin, hyviin k\u00e4yt\u00e4nt\u00f6ihin ja resursseihin, joita sovelletaan muissa maantieteellisiss\u00e4 tai alakohtaisissa yhteyksiss\u00e4, ja sen t\u00e4rkein\u00e4 tavoitteina on my\u00f6s edist\u00e4\u00e4 verkostoitumista ja toimijoiden valmiuksien kehitt\u00e4mist\u00e4 kaikilla tasoilla.<\/p>\n<p class=\"has-text-align-justify\">\u25cf Seurataan ja parannetaan eurooppalaisten urheiluj\u00e4rjest\u00f6jen ja Sport without Stereotypes\/SWOST-hankkeen edunsaajien k\u00e4ytt\u00e4mien tasa-arvopolitiikkojen nykytilaa;<\/p>\n<p class=\"has-text-align-justify\">\u25cf Lis\u00e4t\u00e4\u00e4n tietoisuutta homofobiasta ja sukupuoleen perustuvasta v\u00e4kivallasta urheiluseuroissa.<\/p>\n<\/li>\n<\/ul>\n<p>&nbsp;<\/p>\n<h2><b>Toiminta<\/b><\/h2>\n<ul>\n<li style=\"font-weight: 400\"><span style=\"font-weight: 400\">Urheilun sukupuolistereotypioiden nykytilan kuvaus ja tilastollinen analyysi.<\/span><\/li>\n<li style=\"font-weight: 400\"><span style=\"font-weight: 400\">SWOST-itsearviointiv\u00e4lineen luominen ja k\u00e4ytt\u00f6\u00f6notto.  <\/span><\/li>\n<li style=\"font-weight: 400\"><span style=\"font-weight: 400\">Luodaan verkkotietokanta, johon tallennetaan kaikki sukupuolten tasa-arvoa ja sukupuolten tasa-arvon valtavirtaistamista urheilussa koskevat resurssit ja k\u00e4yt\u00e4nn\u00f6t, mukaan luettuina tiedotusmateriaalit ja s\u00e4\u00e4ntelyviittaukset.<\/span><\/li>\n<li style=\"font-weight: 400\"><span style=\"font-weight: 400\">Levityskampanjan kehitt\u00e4minen<\/span><\/li>\n<li style=\"font-weight: 400\"><span style=\"font-weight: 400\">UEFA j\u00e4rjest\u00e4\u00e4 kansainv\u00e4lisen tapahtuman hankkeen p\u00e4\u00e4ttyess\u00e4.<\/span><\/li>\n<\/ul>\n<p>[\/vc_column_text][\/vc_column][vc_column width=&#8221;1\/3&#8243;][vc_column_text]<\/p>\n<p style=\"text-align: right\"><strong><em>Hankkeen alkamisp\u00e4iv\u00e4: 01\/01\/2021<\/em><\/strong><\/p>\n<p style=\"text-align: right\"><strong><em>Hankkeen p\u00e4\u00e4ttymisp\u00e4iv\u00e4: 31\/12\/2023<\/em><\/strong><\/p>\n<p style=\"text-align: right\"><strong><em>Hankkeen kokonaiskesto: 36 kuukautta<\/em><\/strong><\/p>\n<p>[\/vc_column_text][\/vc_column][\/vc_row][vc_row][vc_column][vc_single_image image=&#8221;3381&#8243; img_size=&#8221;full&#8221; alignment=&#8221;center&#8221; title=&#8221;SWOST-hanke yhdess\u00e4 j\u00e4rjestelm\u00e4ss\u00e4&#8221;][\/vc_column][\/vc_row]<\/p>\n<\/div>","protected":false},"excerpt":{"rendered":"<p>[vc_row][vc_column width=&#8221;2\/3&#8243;][vc_column_text] Tausta Sosiaalinen osallisuus ja sukupuolten v\u00e4linen tasa-arvo urheiluj\u00e4rjest\u00f6jen keskuudessa on t\u00e4m\u00e4n hankkeen t\u00e4rkein yhdysside, joka liittyy urheiluj\u00e4rjest\u00f6jen ja -seurojen sukupuolten v\u00e4lisiin eroihin eri puolilla Eurooppaa. Sukupuolistereotypiat ja ennakkoluulot ovat yksi t\u00e4rkeimmist\u00e4 esteist\u00e4 sosiaaliselle osallisuudelle ja sukupuolten eriarvoisuudelle urheilussa! &nbsp; Teht\u00e4v\u00e4 SWOSTin tavoitteena on est\u00e4\u00e4 sukupuoleen perustuva syrjint\u00e4 urheiluj\u00e4rjest\u00f6iss\u00e4 ja -seuroissa. Hankkeessa keskityt\u00e4\u00e4n erityisesti&hellip;<\/p>\n","protected":false},"author":8,"featured_media":4947,"parent":0,"menu_order":0,"comment_status":"closed","ping_status":"closed","template":"","meta":{"footnotes":""},"class_list":["post-5471","page","type-page","status-publish","has-post-thumbnail","hentry","description-off"],"_links":{"self":[{"href":"https:\/\/swost.eu\/index.php?rest_route=\/wp\/v2\/pages\/5471","targetHints":{"allow":["GET"]}}],"collection":[{"href":"https:\/\/swost.eu\/index.php?rest_route=\/wp\/v2\/pages"}],"about":[{"href":"https:\/\/swost.eu\/index.php?rest_route=\/wp\/v2\/types\/page"}],"author":[{"embeddable":true,"href":"https:\/\/swost.eu\/index.php?rest_route=\/wp\/v2\/users\/8"}],"replies":[{"embeddable":true,"href":"https:\/\/swost.eu\/index.php?rest_route=%2Fwp%2Fv2%2Fcomments&post=5471"}],"version-history":[{"count":4,"href":"https:\/\/swost.eu\/index.php?rest_route=\/wp\/v2\/pages\/5471\/revisions"}],"predecessor-version":[{"id":5516,"href":"https:\/\/swost.eu\/index.php?rest_route=\/wp\/v2\/pages\/5471\/revisions\/5516"}],"wp:featuredmedia":[{"embeddable":true,"href":"https:\/\/swost.eu\/index.php?rest_route=\/wp\/v2\/media\/4947"}],"wp:attachment":[{"href":"https:\/\/swost.eu\/index.php?rest_route=%2Fwp%2Fv2%2Fmedia&parent=5471"}],"curies":[{"name":"wp","href":"https:\/\/api.w.org\/{rel}","templated":true}]}}