{"id":5492,"date":"2021-05-11T14:29:32","date_gmt":"2021-05-11T14:29:32","guid":{"rendered":"https:\/\/swost.eu\/?page_id=5492"},"modified":"2023-12-04T13:59:43","modified_gmt":"2023-12-04T13:59:43","slug":"arviointityokalu","status":"publish","type":"page","link":"https:\/\/swost.eu\/?page_id=5492","title":{"rendered":"Arviointity\u00f6kalu"},"content":{"rendered":"<div class=\"wpb-content-wrapper\"><p>[vc_row][vc_column][vc_column_text]<\/p>\n<h5 style=\"text-align: center;\">SWOST-hankkeessa olemme kehitt\u00e4neet <span class=\"c41\">henkil\u00f6kohtaisen<\/span><span class=\"c5\"> online-itsearvioinnin, jonka avulla urheiluorganisaatiot voivat testata itse\u00e4\u00e4n sukupuolten tasa-arvon, tietoisuuden ja tasa-arvon suhteen<\/span>.<\/h5>\n<p>[\/vc_column_text][\/vc_column][\/vc_row][vc_row][vc_column]<div id=\"ultimate-heading-978269f57cb145b79\" class=\"uvc-heading ult-adjust-bottom-margin ultimate-heading-978269f57cb145b79 uvc-8606  uvc-heading-default-font-sizes\" data-hspacer=\"no_spacer\"  data-halign=\"center\" style=\"text-align:center\"><div class=\"uvc-heading-spacer no_spacer\" style=\"top\"><\/div><div class=\"uvc-main-heading ult-responsive\"  data-ultimate-target='.uvc-heading.ultimate-heading-978269f57cb145b79 h5'  data-responsive-json-new='{\"font-size\":\"\",\"line-height\":\"\"}' ><h5 style=\"--font-weight:theme;\">Tunnistamme 3-tasoisen prosessin:<\/h5><\/div><\/div>[\/vc_column][\/vc_row][vc_row][vc_column width=&#8221;1\/5&#8243;]<div id=\"ultimate-heading-933269f57cb145be7\" class=\"uvc-heading ult-adjust-bottom-margin ultimate-heading-933269f57cb145be7 uvc-5812  uvc-heading-default-font-sizes\" data-hspacer=\"no_spacer\"  data-halign=\"center\" style=\"text-align:center\"><div class=\"uvc-heading-spacer no_spacer\" style=\"top\"><\/div><div class=\"uvc-main-heading ult-responsive\"  data-ultimate-target='.uvc-heading.ultimate-heading-933269f57cb145be7 h6'  data-responsive-json-new='{\"font-size\":\"\",\"line-height\":\"\"}' ><h6 style=\"--font-weight:theme;\">Itsearviointiv\u00e4line<\/h6><\/div><\/div>[vc_column_text]<\/p>\n<p style=\"text-align: center;\"><span style=\"font-weight: 400;\">Organisaatio t\u00e4ytt\u00e4\u00e4, <\/span><span style=\"font-weight: 400;\">omien <\/span><span style=\"font-weight: 400;\">ominaisuuksiensa perusteella, <\/span><span style=\"font-weight: 400;\">henkil\u00f6kohtainen <\/span><span style=\"font-weight: 400;\">itsearvioinnin.<\/span><\/p>\n<p>[\/vc_column_text][\/vc_column][vc_column width=&#8221;1\/5&#8243;][vc_empty_space height=&#8221;25px&#8221;][vc_single_image image=&#8221;3044&#8243; img_size=&#8221;medium&#8221; alignment=&#8221;center&#8221;][\/vc_column][vc_column width=&#8221;1\/5&#8243;]<div id=\"ultimate-heading-164169f57cb145c20\" class=\"uvc-heading ult-adjust-bottom-margin ultimate-heading-164169f57cb145c20 uvc-5074  uvc-heading-default-font-sizes\" data-hspacer=\"no_spacer\"  data-halign=\"center\" style=\"text-align:center\"><div class=\"uvc-heading-spacer no_spacer\" style=\"top\"><\/div><div class=\"uvc-main-heading ult-responsive\"  data-ultimate-target='.uvc-heading.ultimate-heading-164169f57cb145c20 h6'  data-responsive-json-new='{\"font-size\":\"\",\"line-height\":\"\"}' ><h6 style=\"--font-weight:theme;\">Laatumerkki<\/h6><\/div><\/div>[vc_column_text]<span style=\"font-weight: 400;\">Vastausten perusteella organisaatio hankkii <\/span><span style=\"font-weight: 400;\">Pronssi-, hopea- tai kultamerkin. <\/span>[\/vc_column_text][\/vc_column][vc_column width=&#8221;1\/5&#8243;][vc_empty_space height=&#8221;25px&#8221;][vc_single_image image=&#8221;3044&#8243; img_size=&#8221;medium&#8221; alignment=&#8221;center&#8221;][\/vc_column][vc_column width=&#8221;1\/5&#8243;]<div id=\"ultimate-heading-824469f57cb145c54\" class=\"uvc-heading ult-adjust-bottom-margin ultimate-heading-824469f57cb145c54 uvc-6635  uvc-heading-default-font-sizes\" data-hspacer=\"no_spacer\"  data-halign=\"center\" style=\"text-align:center\"><div class=\"uvc-heading-spacer no_spacer\" style=\"top\"><\/div><div class=\"uvc-main-heading ult-responsive\"  data-ultimate-target='.uvc-heading.ultimate-heading-824469f57cb145c54 h6'  data-responsive-json-new='{\"font-size\":\"\",\"line-height\":\"\"}' ><h6 style=\"--font-weight:theme;\">Tietokanta<\/h6><\/div><\/div>[vc_column_text]<span style=\"font-weight: 400;\">Vastaustenne ansiosta <\/span><span style=\"font-weight: 400;\">laaditaan henkil\u00f6kohtainen tietokanta, jossa esitet\u00e4\u00e4n parannuksia.<\/span>[\/vc_column_text][\/vc_column][\/vc_row][vc_row][vc_column]<div id=\"ultimate-heading-38669f57cb145c88\" class=\"uvc-heading ult-adjust-bottom-margin ultimate-heading-38669f57cb145c88 uvc-1685  uvc-heading-default-font-sizes\" data-hspacer=\"no_spacer\"  data-halign=\"center\" style=\"text-align:center\"><div class=\"uvc-heading-spacer no_spacer\" style=\"top\"><\/div><div class=\"uvc-main-heading ult-responsive\"  data-ultimate-target='.uvc-heading.ultimate-heading-38669f57cb145c88 h5'  data-responsive-json-new='{\"font-size\":\"\",\"line-height\":\"\"}' ><h5 style=\"--font-weight:theme;\">SWOST Online -itsearviointity\u00f6kalu auttaa urheiluj\u00e4rjest\u00f6j\u00e4 ja seuroja:<\/h5><\/div><\/div>[vc_column_text]<\/p>\n<ul>\n<li style=\"font-weight: 400;\"><span style=\"font-weight: 400;\">kehitt\u00e4\u00e4 osaamista ja tietoisuutta sukupuolistereotypioista sek\u00e4 sukupuoleen perustuvasta v\u00e4kivallasta ja h\u00e4irinn\u00e4st\u00e4 jokap\u00e4iv\u00e4isess\u00e4 ty\u00f6ss\u00e4\u00e4n.<\/span><\/li>\n<li style=\"font-weight: 400;\"><span style=\"font-weight: 400;\">pohtimaan aktiivisemmin pedagogisia k\u00e4yt\u00e4nteit\u00e4\u00e4n sukupuolin\u00e4k\u00f6kulman n\u00e4k\u00f6kulmasta, mihin kannustetaan strukturoidulla itsearviointiteht\u00e4v\u00e4ll\u00e4, jossa annetaan palautetta eri etenemistasojen mukaan.<\/span><\/li>\n<li style=\"font-weight: 400;\"><span style=\"font-weight: 400;\">Ohjaavat itse oppimistaan ja kehitt\u00e4v\u00e4t osaamistaan aina halutessaan ja omaan tahtiinsa laajentamalla ammatillisen kehittymisen mahdollisuuksia ep\u00e4virallisiin verkko-oppimisymp\u00e4rist\u00f6ihin.<\/span><\/li>\n<li style=\"font-weight: 400;\"><span style=\"font-weight: 400;\">Henkil\u00f6kohtaisen osaamisprofiilin laatiminen<\/span><\/li>\n<li style=\"font-weight: 400;\"><span style=\"font-weight: 400;\">P\u00e4\u00e4sy r\u00e4\u00e4t\u00e4l\u00f6ityyn eurooppalaisten ja kansallisten koulutusresurssien ekosysteemiin, jonka avulla he voivat kehitt\u00e4\u00e4 osaamistaan tarpeen tai kiinnostuksen mukaan.<\/span><\/li>\n<li style=\"font-weight: 400;\"><span style=\"font-weight: 400;\">saada laatumerkki, joka osoittaa, ett\u00e4 organisaatiossa on tietty taso sukupuolten tasa-arvon toteutumisessa organisaation sis\u00e4ll\u00e4. <\/span><\/li>\n<li style=\"font-weight: 400;\"><span style=\"font-weight: 400;\">saamaan henkil\u00f6kohtaista ja k\u00e4yt\u00e4nn\u00f6nl\u00e4heist\u00e4 kirjallisuutta, jonka avulla he voivat parantaa sis\u00e4isi\u00e4 toimintatapojaan tietyll\u00e4 alalla, kun itsearviointi on suoritettu. <\/span><\/li>\n<\/ul>\n<p>[\/vc_column_text][\/vc_column][\/vc_row][vc_row][vc_column]<div id=\"ultimate-heading-558769f57cb145cc3\" class=\"uvc-heading ult-adjust-bottom-margin ultimate-heading-558769f57cb145cc3 uvc-7797  uvc-heading-default-font-sizes\" data-hspacer=\"no_spacer\"  data-halign=\"center\" style=\"text-align:center\"><div class=\"uvc-heading-spacer no_spacer\" style=\"top\"><\/div><div class=\"uvc-main-heading ult-responsive\"  data-ultimate-target='.uvc-heading.ultimate-heading-558769f57cb145cc3 h5'  data-responsive-json-new='{\"font-size\":\"\",\"line-height\":\"\"}' ><h5 style=\"--font-weight:theme;\">T\u00e4yt\u00e4 itsearviointity\u00f6kalu ja haasta organisaatiosi sen j\u00e4lkeen, kun olet saanut laatumerkin, joka osoittaa sukupuolten tasa-arvon ja yst\u00e4v\u00e4llisyyden organisaatiossasi.<\/h5><\/div><\/div>[vc_empty_space height=&#8221;52px&#8221;][vc_btn title=&#8221;START SURVEY&#8221; color=&#8221;black&#8221; align=&#8221;center&#8221; link=&#8221;url:https%3A%2F%2Fsurvey.cscs.it%2Findex.php%2F314846%3Flang%3Dfi|target:_blank&#8221;][vc_empty_space height=&#8221;52px&#8221;][\/vc_column][\/vc_row][vc_row][vc_column][vc_raw_html]JTNDaWZyYW1lJTIwc3JjJTNEJTIyaHR0cHMlM0ElMkYlMkZncmEua2lldHouZXUlMkZkLXNvbG8lMkZkNzNiMTllZS1mYjA0LTRiZjYtYTRhMS0wYWVjNGQyNmIzYWElMkZsaW1lc3VydmV5LWdlb21hcCUzRm9yZ0lkJTNEMSUyNmZyb20lM0QxNjk5MjcwMTM1MTg0JTI2dG8lM0QxNjk5MjkxNzM1MTg0JTI2cGFuZWxJZCUzRDElMjIlMjB3aWR0aCUzRCUyMjEwMCUyNSUyMiUyMGhlaWdodCUzRCUyMjY1MCUyMiUyMGZyYW1lYm9yZGVyJTNEJTIyMCUyMiUzRSUzQyUyRmlmcmFtZSUzRQ==[\/vc_raw_html][vc_btn title=&#8221;LIS\u00c4\u00c4 TILASTOJA&#8221; color=&#8221;black&#8221; align=&#8221;center&#8221; link=&#8221;url:https%3A%2F%2Fswost.eu%2F%3Fpage_id%3D7479&#8243;][\/vc_column][\/vc_row][vc_row][vc_column][\/vc_column][\/vc_row]<\/p>\n<\/div>","protected":false},"excerpt":{"rendered":"<p>[vc_row][vc_column][vc_column_text] SWOST-hankkeessa olemme kehitt\u00e4neet henkil\u00f6kohtaisen online-itsearvioinnin, jonka avulla urheiluorganisaatiot voivat testata itse\u00e4\u00e4n sukupuolten tasa-arvon, tietoisuuden ja tasa-arvon suhteen. [\/vc_column_text][\/vc_column][\/vc_row][vc_row][vc_column][\/vc_column][\/vc_row][vc_row][vc_column width=&#8221;1\/5&#8243;][vc_column_text] Organisaatio t\u00e4ytt\u00e4\u00e4, omien ominaisuuksiensa perusteella, henkil\u00f6kohtainen itsearvioinnin. [\/vc_column_text][\/vc_column][vc_column width=&#8221;1\/5&#8243;][vc_empty_space height=&#8221;25px&#8221;][vc_single_image image=&#8221;3044&#8243; img_size=&#8221;medium&#8221; alignment=&#8221;center&#8221;][\/vc_column][vc_column width=&#8221;1\/5&#8243;][vc_column_text]Vastausten perusteella organisaatio hankkii Pronssi-, hopea- tai kultamerkin. [\/vc_column_text][\/vc_column][vc_column width=&#8221;1\/5&#8243;][vc_empty_space height=&#8221;25px&#8221;][vc_single_image image=&#8221;3044&#8243; img_size=&#8221;medium&#8221; alignment=&#8221;center&#8221;][\/vc_column][vc_column width=&#8221;1\/5&#8243;][vc_column_text]Vastaustenne ansiosta laaditaan henkil\u00f6kohtainen tietokanta, jossa esitet\u00e4\u00e4n parannuksia.[\/vc_column_text][\/vc_column][\/vc_row][vc_row][vc_column][vc_column_text]&hellip;<\/p>\n","protected":false},"author":8,"featured_media":0,"parent":0,"menu_order":0,"comment_status":"closed","ping_status":"closed","template":"","meta":{"footnotes":""},"class_list":["post-5492","page","type-page","status-publish","hentry","description-off"],"_links":{"self":[{"href":"https:\/\/swost.eu\/index.php?rest_route=\/wp\/v2\/pages\/5492","targetHints":{"allow":["GET"]}}],"collection":[{"href":"https:\/\/swost.eu\/index.php?rest_route=\/wp\/v2\/pages"}],"about":[{"href":"https:\/\/swost.eu\/index.php?rest_route=\/wp\/v2\/types\/page"}],"author":[{"embeddable":true,"href":"https:\/\/swost.eu\/index.php?rest_route=\/wp\/v2\/users\/8"}],"replies":[{"embeddable":true,"href":"https:\/\/swost.eu\/index.php?rest_route=%2Fwp%2Fv2%2Fcomments&post=5492"}],"version-history":[{"count":6,"href":"https:\/\/swost.eu\/index.php?rest_route=\/wp\/v2\/pages\/5492\/revisions"}],"predecessor-version":[{"id":7495,"href":"https:\/\/swost.eu\/index.php?rest_route=\/wp\/v2\/pages\/5492\/revisions\/7495"}],"wp:attachment":[{"href":"https:\/\/swost.eu\/index.php?rest_route=%2Fwp%2Fv2%2Fmedia&parent=5492"}],"curies":[{"name":"wp","href":"https:\/\/api.w.org\/{rel}","templated":true}]}}